t common divisor of 20 and 9770.
10
Calculate the highest common divisor of 173152 and 63.
7
What is the highest common divisor of 10297 and 217?
7
What is the greatest common factor of 343 and 553?
7
What is the greatest common divisor of 50009 and 54661?
1163
Calculate the highest common factor of 96 and 393168.
48
What is the greatest common divisor of 216346 and 53?
53
Calculate the greatest common divisor of 279 and 95821.
31
Calculate the greatest common factor of 522979 and 692.
173
Calculate the greatest common factor of 46193 and 63.
7
What is the greatest common factor of 846 and 46953?
423
Calculate the highest common factor of 1930 and 445058.
386
Calculate the highest common factor of 72330 and 30.
30
What is the greatest common factor of 4550 and 2675?
25
What is the greatest common divisor of 1236 and 47792?
412
What is the greatest common factor of 6 and 27034?
2
What is the highest common factor of 17630903 and 989?
989
What is the greatest common factor of 728 and 35256?
104
What is the greatest common factor of 219 and 3024317?
73
Calculate the greatest common factor of 141 and 181091.
47
What is the greatest common divisor of 36185 and 5?
5
Calculate the highest common divisor of 1073 and 15503.
37
Calculate the greatest common factor of 20447 and 28.
7
Calculate the greatest common factor of 2756 and 247.
13
What is the greatest common factor of 4725 and 1610?
35
What is the greatest common factor of 740 and 195730?
370
Calculate the greatest common divisor of 59688 and 882.
18
Calculate the highest common factor of 124 and 93093.
31
Calculate the greatest common divisor of 19510 and 32.
2
What is the highest common factor of 35871 and 429?
33
Calculate the greatest common divisor of 645 and 21405.
15
What is the greatest common divisor of 179151 and 399?
399
What is the greatest common divisor of 4362604 and 428?
428
What is the greatest common factor of 8 and 43597?
1
Calculate the highest common factor of 1680108 and 12.
12
What is the greatest common factor of 4095 and 11907?
63
Calculate the highest common factor of 1146 and 4500.
6
What is the highest common divisor of 434 and 159929?
217
Calculate the highest common divisor of 4272 and 55440.
48
Calculate the greatest common divisor of 5 and 2504765.
5
What is the greatest common divisor of 7945 and 940?
5
Calculate the greatest common divisor of 3971 and 38.
19
Calculate the greatest common divisor of 82516 and 84.
28
Calculate the greatest common divisor of 2886 and 12.
6
What is the greatest common factor of 6660238 and 26?
26
Calculate the highest common divisor of 792 and 387.
9
What is the highest common divisor of 21 and 5817?
21
Calculate the greatest common factor of 4477 and 122914.
407
Calculate the highest common factor of 20637 and 9.
9
What is the greatest common divisor of 1512 and 162216?
216
Calculate the greatest common factor of 983152 and 1290.
86
What is the greatest common divisor of 5572 and 28?
28
What is the highest common factor of 210337 and 29?
29
Calculate the highest common divisor of 211 and 98326.
211
Calculate the greatest common divisor of 54696 and 14628.
636
What is the highest common divisor of 23023 and 308?
77
What is the greatest common factor of 27 and 317781?
9
Calculate the highest common divisor of 27877 and 61.
61
What is the greatest common factor of 1116 and 329499?
279
Calculate the highest common factor of 20 and 7290.
10
What is the greatest common divisor of 2257740 and 1036?
148
Calculate the highest common divisor of 50143 and 3034.
41
What is the highest common divisor of 1122 and 51986?
374
Calculate the highest common divisor of 49751 and 76583.
559
Calculate the greatest common divisor of 3294059 and 881.
881
What is the highest common divisor of 104 and 8815144?
104
Calculate the greatest common factor of 55 and 10835.
55
What is the highest common divisor of 50127 and 363?
33
Calculate the highest common divisor of 13432 and 72.
8
What is the greatest common factor of 56384 and 64?
64
Calculate the greatest common factor of 12 and 126512.
4
What is the greatest common factor of 2498863 and 73?
73
What is the greatest common divisor of 12593 and 1519?
49
What is the greatest common divisor of 195062 and 28?
14
Calculate the highest common factor of 1540613 and 47.
47
Calculate the highest common divisor of 60 and 49260.
60
Calculate the greatest common divisor of 191573 and 1357.
59
What is the greatest common factor of 15470 and 28?
14
Calculate the greatest common factor of 310 and 4260.
10
What is the greatest common divisor of 2594178 and 18?
18
Calculate the greatest common factor of 16236 and 328.
164
Calculate the highest common divisor of 25545 and 45.
15
Calculate the highest common divisor of 100 and 23625.
25
What is the greatest common factor of 945 and 2348745?
105
What is the greatest common divisor of 1526 and 4242?
14
Calculate the highest common factor of 384 and 85056.
192
Calculate the greatest common divisor of 5458698 and 5292.
2646
Calculate the highest common divisor of 151335 and 413.
59
Calculate the greatest common divisor of 723 and 738183.
723
Calculate the greatest common divisor of 56 and 268324.
28
What is the highest common factor of 26 and 9529?
13
What is the highest common divisor of 224 and 2632?
56
What is the greatest common divisor of 595137 and 2955?
591
What is the highest common divisor of 3435 and 272739?
687
Calculate the greatest common divisor of 400 and 28900.
100
What is the highest common factor of 3906 and 585032?
434
Calculate the highest common divisor of 182505 and 45.
15
Calculate the greatest common factor of 14 and 80843.
7
Calculate the greatest common divisor of 3472 and 2015.
31
Calculate the highest common divisor of 3403 and 53369.
83
Calculate the highest common divisor of 10 and 90245.
5
What is the highest common factor of 636 and 324?
12
What is the greatest common divisor of 276915 and 465?
15
What is the highest common divisor of 1011839 and 29?
29
Calculate the greatest common factor of 18 and 1321983.
9
Calculate the highest common divisor of 21622 and 285.
19
Calculate the greatest common factor of 441 and 9765.
63
Calculate the highest common divisor of 7891590 and 90.
30
What is the highest common factor of 11859 and 1062?
177
What is the highest common divisor of 5786 and 15254?
526
Calculate the greatest common divisor of 2108 and 116002.
62
Calculate the highest common factor of 344 and 8858.
86
Calculate the greatest common divisor of 576 and 706560.
192
What is the highest common factor of 2497 and 11123?
227
Calculate the highest common divisor of 55198 and 154.
22
Calculate the greatest common factor of 47138 and 43290.
962
Calculate the highest common factor of 5 and 19480.
5
Calculate the highest common divisor of 28679 and 51.
17
What is the greatest common divisor of 244 and 55388?
244
Calculate the highest common factor of 50 and 21950.
50
What is the highest common factor of 1249649 and 20292?
1691
What is the highest common divisor of 14650 and 4?
2
Calculate the highest common factor of 610 and 122244.
122
What is the greatest common divisor of 224 and 858592?
224
What is the greatest common divisor of 227 and 2025?
1
Calculate the greatest common factor of 696 and 2706628.
116
What is the greatest common factor of 72 and 2586?
6
What is the highest common divisor of 37346 and 1278?
142
What is the greatest common factor of 68744 and 256?
8
What is the highest common divisor of 144 and 129104?
16
Calculate the highest common divisor of 2831 and 5.
1
Calculate the highest common factor of 90 and 43785.
45
Calculate the greatest common divisor of 171976 and 32.
8
Calculate the greatest common divisor of 5658 and 39934.
82
What is the greatest common divisor of 665 and 85855?
35
Calculate the highest common factor of 7 and 1695617.
7
What is the highest common divisor of 2041 and 3029?
13
Calculate the greatest common factor of 3100 and 10540.
620
What is the highest common factor of 50 and 3635?
5
Calculate the highest common divisor of 49 and 693.
7
What is the greatest common factor of 6421 and 6?
1
What is the highest common factor of 65 and 4121?
13
What is the highest common factor of 218432 and 96?
32
What is the g